
Is 40460822 prime?
False
Is 61119307 composite?
False
Is 20335667 composite?
True
Is 479070629 a prime number?
False
Is 1438301 a composite number?
True
Is 67959539 composite?
False
Is 774623 a prime number?
False
Is 2647243 a composite number?
False
Is 729067 composite?
True
Is 1797319 prime?
True
Is 8579449 a composite number?
True
Is 1316867 a prime number?
False
Is 741453823 composite?
True
Is 6211657 a prime number?
True
Is 479377061 prime?
True
Is 2568061 a composite number?
False
Is 319265 composite?
True
Is 5362553 a composite number?
True
Is 26559959 prime?
True
Is 1135261 a composite number?
False
Is 167578561 a composite number?
False
Is 49284047 a prime number?
True
Is 120863174 a composite number?
True
Is 9472307 a prime number?
False
Is 127628889 composite?
True
Is 23746823 composite?
False
Is 3774209 prime?
False
Is 295513 a prime number?
True
Is 5321363 a prime number?
True
Is 42549601 prime?
True
Is 4650131 a prime number?
True
Is 130080551 composite?
False
Is 1669819 prime?
False
Is 17636383 prime?
False
Is 4431761 composite?
True
Is 391478777 a composite number?
False
Is 74999 a prime number?
False
Is 14912462 a composite number?
True
Is 100486187 composite?
False
Is 339659 prime?
True
Is 590903461 a prime number?
True
Is 4219933 composite?
False
Is 56720767 prime?
False
Is 17774353 a composite number?
True
Is 8726447 a prime number?
True
Is 2290283 prime?
True
Is 41944841 prime?
False
Is 29571089 composite?
False
Is 2959549 a composite number?
False
Is 275327863 prime?
True
Is 40037221 a composite number?
True
Is 13541959 composite?
True
Is 23058641 prime?
True
Is 18006731 prime?
False
Is 531714143 a prime number?
False
Is 141397129 a composite number?
False
Is 12948473 composite?
False
Is 15671429 prime?
False
Is 25598327 prime?
True
Is 3745783 composite?
False
Is 4660423 a prime number?
True
Is 19296007 composite?
False
Is 63642487 a prime number?
True
Is 777319 a prime number?
False
Is 1909983653 a prime number?
True
Is 537661 prime?
True
Is 3256067 a prime number?
True
Is 8452263 a composite number?
True
Is 15599839 composite?
True
Is 65773487 a prime number?
False
Is 189090661 a prime number?
True
Is 83138309 composite?
False
Is 303956171 a prime number?
True
Is 3454678 a composite number?
True
Is 276546593 composite?
False
Is 10343647 a prime number?
True
Is 39794897 a prime number?
True
Is 8821777 a prime number?
True
Is 68648507 composite?
False
Is 7383413 a composite number?
False
Is 5968169 a composite number?
True
Is 2202067 a prime number?
False
Is 17719833 a composite number?
True
Is 1896133 composite?
False
Is 15726437 prime?
False
Is 30379121 composite?
False
Is 698897 a prime number?
False
Is 6327869 composite?
False
Is 31238281 a prime number?
False
Is 206944719 a composite number?
True
Is 167371693 a composite number?
False
Is 116626193 a composite number?
False
Is 82847 a prime number?
True
Is 242369419 prime?
True
Is 1628279 prime?
True
Is 28612007 prime?
True
Is 727121 a composite number?
False
Is 1982271 a composite number?
True
Is 12347311 composite?
False
Is 12861053 prime?
False
Is 39223851 a prime number?
False
Is 53821 a composite number?
True
Is 219455953 a composite number?
False
Is 150936857 a prime number?
False
Is 360037583 a prime number?
True
Is 8783521 a prime number?
True
Is 409953677 a prime number?
False
Is 4106539 a prime number?
False
Is 90201263 a composite number?
True
Is 66482061 composite?
True
Is 423902929 a composite number?
False
Is 1543229 prime?
True
Is 459257 a composite number?
False
Is 35368153 a prime number?
False
Is 10627319 a composite number?
True
Is 70144507 prime?
True
Is 79761337 a prime number?
True
Is 4066021 a composite number?
False
Is 3709073 prime?
True
Is 28771027 prime?
False
Is 7847069 prime?
False
Is 3744863 prime?
True
Is 56991481 a prime number?
True
Is 29543539 a prime number?
True
Is 2534131 prime?
True
Is 35152067 a composite number?
False
Is 2348527 a composite number?
True
Is 570217 a prime number?
True
Is 206150603 prime?
True
Is 802103 a composite number?
False
Is 2236327 a composite number?
False
Is 28683203 a prime number?
True
Is 14248547 prime?
False
Is 1013671 a prime number?
True
Is 11441719 composite?
False
Is 487037 a prime number?
False
Is 2575019 a prime number?
True
Is 5183527 a prime number?
True
Is 392111437 composite?
True
Is 1726883 composite?
False
Is 984817 prime?
True
Is 111874817 a prime number?
True
Is 2632233 a composite number?
True
Is 100129859 a prime number?
True
Is 6507757 composite?
False
Is 1029331 composite?
False
Is 102930497 a composite number?
True
Is 14634211 prime?
True
Is 26436621 a prime number?
False
Is 26609351 composite?
False
Is 24214111 a prime number?
False
Is 4354307 a prime number?
True
Is 7395965 a prime number?
False
Is 175405 a composite number?
True
Is 2846833 composite?
True
Is 930120101 composite?
False
Is 93305 prime?
False
Is 30908881 prime?
False
Is 43035241 prime?
False
Is 19911253 a prime number?
True
Is 7141931 prime?
True
Is 5116737 prime?
False
Is 43135843 composite?
False
Is 98225161 a composite number?
True
Is 881269 a composite number?
False
Is 18009821 prime?
True
Is 68219 a composite number?
False
Is 54960071 composite?
False
Is 1088693 a prime number?
True
Is 1854089 prime?
True
Is 16371941 composite?
False
Is 10456583 composite?
True
Is 903251 prime?
True
Is 3854249 prime?
False
Is 4204519 a composite number?
True
Is 196494983 a composite number?
False
Is 79467637 composite?
False
Is 43711847 composite?
False
Is 46059115 composite?
True
Is 988711 prime?
True
Is 3838507 a prime number?
True
Is 3400319 a composite number?
True
Is 11029423 composite?
False
Is 46287149 composite?
False
Is 19634117 a composite number?
False
Is 28209185 a composite number?
True
Is 43696733 composite?
False
Is 18245741 a composite number?
False
Is 137869547 a composite number?
False
Is 8232815 composite?
True
Is 4837541 a prime number?
True
Is 7675799 a prime number?
False
Is 569047081 prime?
False
Is 1610683 a composite number?
True
Is 7584377 a prime number?
False
Is 252713477 prime?
True
Is 919078949 composite?
False
Is 9574529 prime?
True
Is 60003701 composite?
True
Is 28455395 composite?
True
Is 16811549 prime?
True
Is 8162013 composite?
True
Is 8760427 a composite number?
True
Is 2427047 a prime number?
False
Is 4011461 a composite number?
True
Is 196577011 a prime number?
True
Is 6058907 a composite number?
True
Is 4725073 prime?
False
Is 1918003 prime?
True
Is 953201 composite?
True
Is 11102297 prime?
False
Is 98537033 a prime number?
False
Is 1113097 a composite number?
True
Is 295826309 composite?
False
Is 331957 prime?
True
Is 946573 a composite number?
False
Is 14803673 composite?
True
Is 40562521 a composite number?
False
Is 45696403 composite?
False
Is 4463987 a composite number?
True
Is 16639537 a prime number?
False
Is 5980081 prime?
True
Is 3725281 a prime number?
False
Is 10666213 composite?
False
Is 13870649 a composite number?
True
Is 5318843 a prime number?
True
Is 37037477 a composite number?
False
Is 2731439 composite?
True
Is 4215857 composite?
True
Is 29876629 prime?
False
Is 158115611 a prime number?
True
Is 301561817 a prime number?
True
Is 33366347 a prime number?
False
Is 6579446 composite?
True
Is 1511107 a composite number?
True
Is 41756131 a prime number?
False
Is 346388911 prime?
False
Is 4682555 prime?
False
Is 30931529 prime?
True
Is 115605401 composite?
False
Is 17905579 prime?
True
Is 21012809 a composite number?
True
Is 19191433 prime?
True
Is 9235781 a prime number?
True
Is 223091941 composite?
True
Is 21737459 prime?
True
Is 2627857 a prime number?
True
Is 937399 composite?
True
Is 102623071 prime?
True
Is 8722859 a composite number?
False
Is 912811947 a prime number?
False
Is 126071969 prime?
True
Is 28377751 composite?
True
Is 17518127 composite?
True
Is 2331379 composite?
False
Is 14445247 a composite number?
False
Is 2800631 a prime number?
False
Is 5122151 a composite number?
True
Is 11010371 composite?
True
Is 1077943 prime?
True
Is 12940409 prime?
False
Is 7322347 a composite number?
True
Is 4870013 prime?
True
Is 185792077 prime?
True
Is 1888127 a composite number?
True
Is 39609455 prime?
False
Is 45211591 a prime number?
False
Is 751697 prime?
False
Is